913?
False
Does 6 divide 764?
False
Is 6160 a multiple of 35?
True
Is 22 a factor of 88?
True
Is 7 a factor of 14903?
True
Is 363 a factor of 100155?
False
Is 9 a factor of 4868?
False
Is 585 a multiple of 13?
True
Does 89 divide 1246?
True
Is 51 a factor of 19176?
True
Is 18 a factor of 2937?
False
Is 67 a factor of 2539?
False
Is 113206 a multiple of 321?
False
Does 3 divide 287?
False
Is 132 a factor of 5793?
False
Does 27 divide 18252?
True
Is 9 a factor of 648?
True
Is 5643 a multiple of 57?
True
Does 9 divide 2574?
True
Does 18 divide 139464?
True
Does 33 divide 1419?
True
Is 17 a factor of 10557?
True
Is 29389 a multiple of 165?
False
Is 25177 a multiple of 131?
False
Is 81 a multiple of 9?
True
Is 913 a multiple of 20?
False
Is 75 a factor of 6254?
False
Is 3879 a multiple of 26?
False
Is 124 a factor of 6582?
False
Is 28 a factor of 6944?
True
Is 177 a factor of 51153?
True
Is 113 a factor of 5198?
True
Is 408 a multiple of 25?
False
Is 12922 a multiple of 37?
False
Is 68 a factor of 612?
True
Does 7 divide 22839?
False
Does 33 divide 766?
False
Does 28 divide 1008?
True
Does 6 divide 115?
False
Does 16 divide 544?
True
Is 87 a factor of 1566?
True
Is 43040 a multiple of 20?
True
Is 55 a factor of 22715?
True
Does 64 divide 11365?
False
Is 13 a factor of 1560?
True
Is 637 a multiple of 13?
True
Is 54054 a multiple of 234?
True
Is 1090 a multiple of 203?
False
Is 12000 a multiple of 75?
True
Is 25 a factor of 775?
True
Does 18 divide 516?
False
Is 7 a factor of 5524?
False
Does 92 divide 7452?
True
Is 14 a factor of 952?
True
Does 14 divide 7868?
True
Is 22 a factor of 330?
True
Does 16 divide 28363?
False
Does 25 divide 425?
True
Does 24 divide 29635?
False
Is 11576 a multiple of 45?
False
Does 20 divide 1301?
False
Is 53 a factor of 212?
True
Does 69 divide 18062?
False
Is 3080 a multiple of 44?
True
Is 84 a factor of 4620?
True
Is 3537 a multiple of 9?
True
Does 3 divide 5939?
False
Is 40 a factor of 24480?
True
Is 33018 a multiple of 3?
True
Does 191 divide 32088?
True
Is 23919 a multiple of 31?
False
Does 12 divide 17184?
True
Is 264 a multiple of 132?
True
Is 4 a factor of 312?
True
Does 95 divide 1140?
True
Is 490 a multiple of 35?
True
Is 1307 a multiple of 14?
False
Is 4 a factor of 4373?
False
Is 605 a multiple of 72?
False
Is 51 a factor of 36911?
False
Is 21 a factor of 13860?
True
Does 185 divide 453?
False
Is 20909 a multiple of 15?
False
Does 19 divide 1617?
False
Is 15 a factor of 870?
True
Is 11 a factor of 15836?
False
Is 184 a factor of 137998?
False
Is 5633 a multiple of 43?
True
Is 14 a factor of 1858?
False
Is 240 a factor of 15824?
False
Does 16 divide 3625?
False
Is 13 a factor of 1313?
True
Is 93 a factor of 1441?
False
Is 50 a factor of 14850?
True
Is 798 a multiple of 42?
True
Is 15 a factor of 217?
False
Is 104778 a multiple of 18?
True
Does 3 divide 1500?
True
Is 528 a multiple of 22?
True
Is 73 a factor of 5334?
False
Is 5032 a multiple of 34?
True
Is 181 a multiple of 4?
False
Is 4556 a multiple of 34?
True
Is 688 a multiple of 4?
True
Is 52 a factor of 1194?
False
Is 2 a factor of 21?
False
Is 977 a multiple of 78?
False
Is 45 a factor of 9568?
False
Does 4 divide 16832?
True
Is 16112 a multiple of 152?
True
Does 74 divide 962?
True
Is 13248 a multiple of 300?
False
Is 3 a factor of 123?
True
Is 284 a multiple of 71?
True
Does 12 divide 32722?
False
Is 3 a factor of 5847?
True
Is 33 a multiple of 3?
True
Does 13 divide 18832?
False
Is 2143 a multiple of 45?
False
Is 628 a multiple of 157?
True
Does 59 divide 3189?
False
Is 66 a factor of 792?
True
Is 1045 a multiple of 17?
False
Does 186 divide 26149?
False
Does 49 divide 6419?
True
Does 7 divide 6867?
True
Is 745 a multiple of 33?
False
Is 71 a factor of 994?
True
Is 4563 a multiple of 4?
False
Does 35 divide 33928?
False
Is 1751 a multiple of 17?
True
Is 9 a factor of 153?
True
Does 19 divide 589?
True
Is 3757 a multiple of 18?
False
Is 15 a factor of 419?
False
Is 47554 a multiple of 46?
False
Is 99 a factor of 39217?
False
Does 3 divide 1862?
False
Does 147 divide 27048?
True
Is 15 a factor of 799?
False
Is 6342 a multiple of 3?
True
Is 45 a factor of 2816?
False
Is 3773 a multiple of 49?
True
Does 14 divide 13738?
False
Does 10 divide 10160?
True
Is 2 a factor of 416?
True
Does 12 divide 1812?
True
Does 140 divide 2100?
True
Does 140 divide 18154?
False
Does 20 divide 18200?
True
Is 34060 a multiple of 262?
True
Is 24480 a multiple of 24?
True
Is 5 a factor of 5730?
True
Is 6 a factor of 102?
True
Does 248 divide 12716?
False
Is 168 a multiple of 21?
True
Is 63 a factor of 47111?
False
Is 2 a factor of 4?
True
Is 2 a factor of 117?
False
Does 13 divide 58?
False
Is 11168 a multiple of 14?
False
Is 6386 a multiple of 31?
True
Is 1802 a multiple of 34?
True
Does 2 divide 542?
True
Does 94 divide 1446?
False
Is 6 a factor of 2589?
False
Is 8530 a multiple of 10?
True
Is 506 a multiple of 5?
False
Is 6134 a multiple of 66?
False
Does 85 divide 801?
False
Is 30 a multiple of 17?
False
Is 16 a factor of 6304?
True
Does 15 divide 7020?
True
Is 1706 a multiple of 14?
False
Is 28 a factor of 1008?
True
Is 11052 a multiple of 53?
False
Is 66 a factor of 7486?
False
Is 12 a factor of 4920?
True
Is 85 a multiple of 27?
False
Is 2 a factor of 993?
False
Does 16 divide 464?
True
Is 33 a factor of 225?
False
Is 39285 a multiple of 135?
True
Does 28 divide 1708?
True
Is 1794 a multiple of 23?
True
Is 11 a factor of 4723?
False
Is 40 a factor of 1798?
False
Does 33 divide 2211?
True
Is 54 a factor of 1111?
False
Is 9 a factor of 477?
True
Is 31934 a multiple of 18?
False
Is 55 a factor of 1226?
False
Is 3618 a multiple of 9?
True
Is 17 a factor of 187?
True
Is 11 a factor of 3348?
False
Does 33 divide 33528?
True
Is 4 a factor of 351?
False
Is 3355 a multiple of 55?
True
Does 56 divide 1624?
True
Is 19349 a multiple of 10?
False
Is 36 a factor of 2268?
True
Is 1573 a multiple of 13?
True
Does 41 divide 983?
False
Is 67 a factor of 33299?
True
Is 771 a multiple of 2?
False
Does 4 divide 404?
True
Does 96 divide 3840?
True
Is 19 a factor of 1603?
False
Is 26 a factor of 1274?
True
Is 12 a factor of 70648?
False
Is 108 a factor of 78192?
True
Is 966 a multiple of 46?
True
Is 8 a factor of 6607?
False
Does 11 divide 31?
False
Is 28188 a multiple of 54?
True
Is 6100 a multiple of 100?
True
Is 5440 a multiple of 17?
True
Does 4 divide 7590?
False
Is 6 a factor of 2255?
False
Is 246 a factor of 17220?
True
Is 63 a factor of 693?
True
Does 17 divide 2074?
True
Is 5 a factor of 9570?
True
Is 5 a factor of 263?
False
Does 31 divide 45964?
False
Does 37 divide 4806?
False
Is 4 a factor of 318?
False
Does 15 divide 17192?
False
Is 459 a multiple of 11?
False
Is 24200 a multiple of 88?
True
Does 2 divide 484?
True
Is 18 a factor of 150?
False
Is 9699 a multiple of 159?
True
Does 26 divide 2548?
True
Is 72 a factor of 11592?
True
Does 2 divide 116?
True
Is 1656 a multiple of 24?
True
Is 109 a factor of 15478?
True
Does 13 divide 9805?
False
Is 360 a multiple of 6?
True
Is 9 a factor of 1989?
True
Is 3 a factor of 12052?
False
Is 979 a multiple of 4?
False
Is 53027 a multiple of 131?
False
Is 12 a factor of 16151?
False
Is 15 a factor of 70731?
False
Is 3158 a multiple of 36?
False
Is 23 a factor of 95?
False
Is 3 a factor of 416?
False
Does 23 divide 22059?
False
Is 1650 a multiple of 55?
True
Is 2050 even?
True
Does 66 divide 1650?
True
Is 10 a factor of 4259?
False
Is 233 a factor of 11883?
True
Is 1838 a multiple of 54?
False
Is 243 a multiple of 27?
True
Is 2231 a multiple of 97?
True
Is 98 a multiple of 6?
False
Does 27 divide 22437?
True
Does 15 divide 3015?
True
Is 27 a factor of 2000?
False
Is 648 a multiple of 81?
True
Is 240 a multiple of 15?
True
Is 35 a factor of 673?
False
Is 3302 a multiple of 189?
False
Does 2 divide 1252?
True
Is 82 a factor of 9594?
True
Is 26 a factor of 6411?
False
Is 164 a multiple of 15?
False
Is 2568 a multiple of 12?
True
Does 58 divide 26970?
True
Is 7 a factor of 903?
True
Is 38 a factor of 494?
True
Is 30 a factor of 1331?
False
Is 17 a factor of 1293?
False
Does 48 divide 23072?
False
Is 84 a factor of 1577?
False
Is 8974 a multiple of 120?
False
Is 7 a factor of 2184?
True
Does 54 divide 918?
True
Is 3222 a multiple of 23?
False
I